is the remainder when s is divided by 128?
122
Suppose -6*p + 16 = -8*p. Calculate the remainder when 37 is divided by (6/1)/((-12)/p*1).
1
What is the remainder when ((-1)/(-2))/(525/700)*1233/6 is divided by 129?
8
Let n = -679 + -412. Let i = -627 - n. Calculate the remainder when i is divided by 52.
48
Suppose 102 = z - 37. Let m = z - -51. Suppose 0 = x + x - m. What is the remainder when x is divided by 24?
23
Suppose 3*s + 2*s = 2*i - 1878, i - 934 = 5*s. Let x(z) = z**2 - 15*z - 81. What is the remainder when i is divided by x(-6)?
44
Let q(c) = 22*c + 21. Let a be q(-9). Let u = a + 188. Calculate the remainder when 32 is divided by u.
10
Let l = -1724 - -1747. Calculate the remainder when 107 is divided by l.
15
Let n(j) = 6*j - 3. Suppose -f = -0*f - 7. Let r be n(f). Suppose -5*t + r = 5*q - 51, 0 = 3*t - 4*q - 47. Calculate the remainder when 33 is divided by t.
16
Suppose -147*z = -5*d - 148*z + 207, 8*z = 2*d - 66. What is the remainder when 2044 is divided by d?
35
Let p(d) = d**3 - 5*d**2 + 7*d - 2. Let k be p(3). Let b(x) = -40*x**3 + 34*x**3 - 2*x**2 + k + 6*x - 3*x. Calculate the remainder when 67 is divided by b(-2).
32
Suppose 0 = -101*n - 5154 + 21718. Let m(s) = -9*s + 2. What is the remainder when n is divided by m(-1)?
10
Let w(u) = 2*u**3 + 11*u**2 + 5*u - 7. Let k be w(-5). Let i = -15 - k. Let y(z) = -z**3 - 4*z**2 + 16*z - 5. What is the remainder when y(i) is divided by 25?
23
Let h(p) = -13*p**3 + 9*p + 9. Let j = -123 + 121. Calculate the remainder when 187 is divided by h(j).
92
Suppose -35*k - 1146 = -73526. Calculate the remainder when k is divided by 46.
44
What is the remainder when 130 is divided by 10/(-50) + 2/(-15) - 125/(-15)?
2
Calculate the remainder when 56/40*32688/42 - (-2)/5 is divided by 52.
50
Let g(u) = 5*u**2 - 4*u + 2. What is the remainder when g(9) is divided by 24?
11
Let g = -567 + 801. Let r = g - 215. What is the remainder when 75 is divided by r?
18
Let a(l) = -l**2 + 21. Suppose 4*t + 50 = 14*t. Suppose -t*i - 3*q + 485 = q, 4*i - 3*q - 419 = 0. Calculate the remainder when i is divided by a(0).
17
Suppose -2*y + 28 = -4*m + 2, 3*m + 3 = -4*y. Let u(h) = -y*h + 3 - 2 - 16*h. Calculate the remainder when 36 is divided by u(-1).
16
Let p = -1018 + 1021. Calculate the remainder when 40 is divided by p.
1
Let y = -5952 - -6616. What is the remainder when y is divided by 163?
12
Suppose 0 = b - 3 + 2. Suppose -w = -2*w + 3*r - b, -2*w - 11 = -3*r. What is the remainder when 125 is divided by (-9)/((-18)/8) - w?
13
Let v = 6826 + -6786. What is the remainder when 441 is divided by v?
1
Let r = 65 + -21. Let v(g) = g**2 + 14*g - 35. What is the remainder when v(9) is divided by r?
40
Suppose 0 = 2*l - n - 47, 5*n + 6 - 1 = 0. Suppose 3*x - 12 = x + 3*k, 0 = 3*k. Calculate the remainder when l is divided by x.
5
Let q(k) = 9 - 17*k - 189*k**3 - 186*k**3 - 9*k**2 + 374*k**3. Suppose 0 = -3*j - 20 + 8, -3*y = -5*j - 32. What is the remainder when y is divided by q(-6)?
1
Suppose 2*n + 18 = -0*n. Let p be (-15)/(n + 4)*4/6. Suppose 16 = 5*j + 36, 3*y - 22 = -p*j. Calculate the remainder when 13 is divided by y.
3
Let q = -10283 + 10300. Let h = 1 - -1. Suppose -h*a - a = -144. Calculate the remainder when a is divided by q.
14
Let b = -8801 - -9113. What is the remainder when 853 is divided by b?
229
Suppose -8*l + 12360 = 13*l - 32160. Calculate the remainder when l is divided by 7.
6
Suppose -27*z + 403 - 105 = 1. What is the remainder when 1599 is divided by z?
4
Let s be ((-4)/14 + 3493/49)/1. Let c = s - 59. What is the remainder when 25*(c + -12 - (-2 + 1)) is divided by 15?
10
Suppose -5168 = 28*b - 44*b. What is the remainder when b is divided by 81?
80
Let p(x) = 2*x + 20. Let o be (-3)/(-2 + 28/12). Let y be p(o). Suppose -2*h + y*g = -2*g - 56, -36 = -2*h - g. Calculate the remainder when h is divided by 7.
6
Suppose 2*l - 5*l = 5*g - 1110, -l + g + 362 = 0. What is the remainder when l is divided by 97?
74
Let g(z) = 109*z**2 + 4*z - 13. Let i be g(2). Let q = -351 + i. What is the remainder when q is divided by 14?
10
Let v = -9893 - -10631. Calculate the remainder when v is divided by 34.
24
Let v(f) = f**3 + f**2 + 4*f + 6. Let q = 347594 - 347553. Calculate the remainder when v(6) is divided by q.
36
Suppose 308*n = 280*n + 30072. What is the remainder when 2157 is divided by n?
9
Let s(a) be the third derivative of -a**6/60 + a**5/10 + 3*a**4/8 + a**3/3 + a**2 - 3*a. Calculate the remainder when 11 is divided by s(4).
5
Let h(i) be the second derivative of i**4/4 + 14*i**3/3 + 29*i**2/2 - i + 52. What is the remainder when 36 is divided by h(-9)?
16
Let y(b) = b**2 + 3*b - 621. What is the remainder when 147 is divided by y(-27)?
12
Suppose 20 + 49 = k. Suppose 199 - 3 = 14*h. Calculate the remainder when k is divided by h.
13
Let h be 45/225*(-1 - -26). Suppose 0 = -3*l + 9, s = 2*l - h*l + 22. Calculate the remainder when 69 is divided by s.
4
Let m = 1 + 14. Suppose 0 = 10*s - 7*s - m. Let q(d) = d + 14. What is the remainder when q(-6) is divided by s?
3
Let n = -23152 - -23207. Calculate the remainder when 2059 is divided by n.
24
Suppose n - 101 = 3*j, 0 = n - j + 2*j - 81. Suppose -2*r - 20 = 2*r, 3*r + 59 = 4*c. Calculate the remainder when n is divided by c.
9
Let f = -1 - -6. Let x be (240/(-168))/(4/(-14)). Suppose -3*s - x*y + 21 = 0, 4*y = s - 5 - 2. Calculate the remainder when s is divided by f.
2
Let m(w) = w**3 - 6*w**2 + 8*w + 3. Calculate the remainder when m(7) is divided by (6/(-14))/(10/100)*-7.
18
Let o(c) = c**2 + 9*c - 19. Let x be o(-11). Suppose -x*r + 5*v = 5 - 34, -3*v = -3*r + 33. Let n = -50 + 70. Calculate the remainder when n is divided by r.
7
Let k = 31355 + -31222. What is the remainder when 221 is divided by k?
88
Let q = 656 + -649. What is the remainder when (-9 + q)*((-132)/(-8))/(-3) is divided by 4?
3
Let r(n) = -n**2 + 67*n + 998. What is the remainder when r(57) is divided by 223?
7
Let q be ((-3)/(-9))/((-1)/18)*-1. Calculate the remainder when 63 is divided by q/(-2 - 185/(-85)).
29
Calculate the remainder when -4*2/(-8) - (-288 + -17) is divided by 21.
12
Let q(o) = o**3 + 10*o**2 + 9*o + 3. What is the remainder when q(-6) is divided by (10 - 1)/(28 + 1660/(-60))?
12
Let c(y) = -y**3 + y**2 + y. Let g(o) = 3*o**3 - 2*o - 1. Let j(l) = -c(l) - g(l). Calculate the remainder when -9 + 1 - (-608)/16 is divided by j(-2).
8
Suppose 2*i = 3*g + 2, 1542*g - 1541*g - 4 = 3*i. Let s(p) = 89*p. Let j be s(-2). What is the remainder when 107 is divided by (i/(-2))/(-4 + j/(-44))?
19
Let d = 74 - -5. Let y = 740 - 1202. What is the remainder when d is divided by y/(-30) + (-21)/(-35)?
15
Let p = 172991 + -172978. Suppose 0*j = -2*j + 108. What is the remainder when j is divided by p?
2
Let l(j) = 55*j + 928. Calculate the remainder when 948 is divided by l(-16).
36
Let x = -235 - -79. Let p = 163 + x. Calculate the remainder when 8 is divided by p.
1
Suppose n - 1 = 22. Suppose 3*u - 2680 + 2490 = y, u - 5*y - 26 = 0. What is the remainder when u is divided by n?
20
Suppose -z = 4*c + 6 - 20, 2*c = 4*z - 2. Suppose -53 - 52 = -4*q - c*f, 2*f - 102 = -4*q. What is the remainder when 166 is divided by q?
22
Suppose -105*i + 1011 + 6947 - 923 = 0. What is the remainder when 238 is divided by i?
37
Suppose -4*h = -4*m - 564, -h - 92*m + 95*m + 157 = 0. What is the remainder when h is divided by 85?
48
Let v(r) = -r. Let b(p) = -81*p + 5. Let c(k) = -b(k) + 5*v(k). Let u be c(5). Suppose -u = -m - 4*m. Calculate the remainder when m is divided by 19.
18
Let v(n) = -18*n + 2740. What is the remainder when v(115) is divided by 84?
82
Let n = -114 + 114. Let m(d) = d**3 - 6*d**2 + d + 9. What is the remainder when (-348)/(-12)*(-2 + n + 3) is divided by m(6)?
14
Let w be (48/14)/((-16)/(-392)). Let d = 174 - w. Suppose 69 = 5*b - 2*b. Calculate the remainder when d is divided by b.
21
Suppose -9*t = -1469 - 538. What is the remainder when 231 is divided by t?
8
Let w = -7140 + 7645. Calculate the remainder when w is divided by 34.
29
Let p be -2 - (-436)/20 - 4/(-20). Suppose 8*r = 13*r - p. Suppose -82 = -a - r*s, -4*a + 273 = 8*s - 3*s. What is the remainder when a is divided by 19?
5
Suppose 5*c = c - 13*c. What is the remainder when (-42)/10